521 (base 6) to base 7.
34060
What is -120 (base 7) in base 2?
-111111
-10020112201 (base 3) to base 11
-43a49
-101101000 (base 2) to base 12
-260
-1031134 (base 5) to base 15
-537e
-1110011 (base 2) to base 12
-97
Convert -608 (base 16) to base 5.
-22134
What is -2534 (base 7) in base 2?
-1110111100
What is 12222 (base 4) in base 15?
1d6
Convert -431563 (base 7) to base 5.
-4400224
What is -2422 (base 5) in base 16?
-16a
Convert 245 (base 13) to base 15.
1b5
What is -aaac (base 13) in base 2?
-101110011111010
Convert -25b (base 13) to base 12.
-2a6
Convert 101100001001100 (base 2) to base 12.
110b8
Convert -113403 (base 5) to base 12.
-2544
10040 (base 5) to base 8
1205
Convert 44925 (base 11) to base 10.
65004
Convert 27747 (base 12) to base 13.
1bb35
What is 12122120 (base 3) in base 15?
1349
What is -bc70 (base 14) in base 11?
-22578
What is a012 (base 14) in base 8?
65500
Convert -360 (base 11) to base 8.
-655
What is -2058 (base 11) in base 8?
-5245
What is -10010100011110 (base 2) in base 6?
-111554
Convert 819 (base 10) to base 16.
333
What is 117a (base 12) in base 15?
8b1
Convert -113 (base 7) to base 14.
-43
Convert -15471 (base 8) to base 13.
-3231
What is -114 (base 12) in base 4?
-2200
Convert 28845 (base 9) to base 10.
19643
Convert 1104 (base 16) to base 11.
3300
What is 559 (base 13) in base 4?
32113
What is 861c (base 13) in base 2?
100100010110111
What is -8295 (base 16) in base 7?
-166314
What is -312131 (base 5) in base 15?
-30b1
-b2f (base 16) to base 4
-230233
What is -326 (base 10) in base 5?
-2301
Convert -330033 (base 4) to base 16.
-f0f
Convert -4105 (base 6) to base 3.
-1020112
Convert -9b44 (base 14) to base 7.
-141314
What is -1e (base 15) in base 7?
-41
Convert -1384 (base 10) to base 11.
-1049
Convert -459 (base 12) to base 7.
-1611
1363 (base 7) to base 16
217
6c32 (base 14) to base 5
1100420
What is -126b (base 12) in base 9?
-2782
-6400 (base 16) to base 15
-78ba
What is -15332 (base 8) in base 9?
-10377
-1200121 (base 3) to base 6
-5411
-100100110011 (base 2) to base 12
-1443
Convert 746 (base 10) to base 15.
34b
616 (base 9) to base 15
236
What is 3564 (base 15) in base 3?
120120011
Convert 112121 (base 3) to base 13.
244
What is 6769 (base 11) in base 8?
21314
What is -672 (base 14) in base 2?
-10011111100
What is -11513 (base 8) in base 4?
-1031023
-1201312 (base 4) to base 6
-44554
What is 291 (base 11) in base 16?
156
What is 3114 (base 8) in base 16?
64c
Convert -101313 (base 5) to base 6.
-23233
What is 359 (base 13) in base 10?
581
Convert 1000 (base 7) to base 14.
1a7
What is -3402 (base 5) in base 12?
-339
What is a01 (base 16) in base 4?
220001
-34 (base 16) to base 15
-37
What is 10a7a (base 11) in base 13?
7340
Convert 2cb78 (base 13) to base 6.
1455324
What is b430 (base 12) in base 11?
13817
Convert b027 (base 12) to base 5.
1102124
What is -2b34 (base 16) in base 3?
-120011122
Convert -222442 (base 5) to base 15.
-24ec
Convert -43402 (base 5) to base 8.
-5641
Convert 20034 (base 8) to base 11.
61a3
-1323010 (base 4) to base 9
-11721
-8af (base 16) to base 12
-1353
What is 1205 (base 11) in base 8?
3052
What is -63cc (base 14) in base 10?
-17232
What is -25144 (base 6) in base 10?
-3736
What is 10010010001001000 (base 2) in base 6?
1334224
Convert -6b67 (base 12) to base 2.
-10111011111111
Convert 3870 (base 12) to base 15.
1d80
What is -33ba (base 14) in base 10?
-8984
Convert -3112301 (base 4) to base 15.
-4115
Convert -111100000 (base 2) to base 13.
-2ac
What is 11111010001101 (base 2) in base 8?
37215
What is 10614 (base 8) in base 4?
1012030
What is 1302214 (base 5) in base 15?
7774
What is -31241 (base 5) in base 9?
-2751
What is -1202002011 (base 3) in base 16?
-8611
32412 (base 10) to base 7
163332
111011001011001 (base 2) to base 6
352133
-1056 (base 8) to base 4
-20232
-12b (base 15) to base 7
-530
What is -6811 (base 9) in base 4?
-1032220
Convert 10220111 (base 3) to base 12.
1794
-11010 (base 5) to base 7
-2126
What is -16b (base 12) in base 8?
-343
6727 (base 12) to base 2
10110010001111
What is -1102001002 (base 3) in base 6?
-332215
1540 (base 14) to base 3
12012000
What is 2468 (base 10) in base 7?
10124
10011 (base 4) to base 12
199
92c9 (base 14) to base 11
17a89
What is -84 (base 14) in base 4?
-1310
What is -432 (base 15) in base 8?
-1663
What is -135 (base 8) in base 11?
-85
What is -2442 (base 5) in base 14?
-1c8
Convert -11421 (base 7) to base 2.
-101110001011
741 (base 8) to base 6
2121
Convert -500115 (base 6) to base 8.
-114017
Convert -a776 (base 12) to base 2.
-100011111001010
Convert 18c5 (base 15) to base 7.
21425
Convert -1d3 (base 16) to base 14.
-255
-20d (base 15) to base 5
-3323
Convert -b0b4 (base 13) to base 3.
-1020100112
Convert -1524 (base 7) to base 15.
-2a6
-14031 (base 5) to base 14
-5b7
4073 (base 10) to base 15
1318
Convert 131 (base 6) to base 15.
3a
-12004 (base 5) to base 12
-613
What is 1018 (base 10) in base 2?
1111111010
Convert -1530 (base 13) to base 5.
-44311
What is 120 (base 9) in base 5?
344
1141 (base 9) to base 7
2320
What is 210010221 (base 3) in base 15?
487a
Convert 11 (base 2) to base 13.
3
Convert 1240 (base 9) to base 12.
653
-14315 (base 7) to base 9
-5348
Convert -5526 (base 7) to base 15.
-8c0
5139 (base 14) to base 10
13967
Convert -11001000101011 (base 2) to base 8.
-31053
Convert 4a4 (base 16) to base 13.
705
101001010001 (base 2) to base 8
5121
-439 (base 11) to base 14
-298
33501 (base 6) to base 16
126d
Convert -23769 (base 12) to base 4.
-23222001
a82 (base 11) to base 10
1300
What is 17368 (base 9) in base 11?
8aa1
-242515 (base 6) to base 8
-51557
What is 41302 (base 5) in base 7?
10610
Convert 1432 (base 8) to base 15.
37e
What is -14968 (base 13) in base 12?
-1a664
1203 (base 5) to base 4
2302
-10269 (base 11) to base 13
-6a68
What is -555 (base 8) in base 14?
-1c1
Convert -1c4b2 (base 14) to base 8.
-215134
What is -355 (base 14) in base 12?
-473
Convert 9169 (base 10) to base 15.
2ab4
What is -1262 (base 7) in base 10?
-485
Convert -1407 (base 11) to base 15.
-817
What is -6cd6 (base 16) in base 9?
-42187
What is 1055 (base 7) in base 10?
383
-232201 (base 5) to base 15
-276b
2ee0 (base 15) to base 2
10011101111110
What is -1100201212 (base 3) in base 13?
-c260
Convert -110242 (base 5) to base 4.
-323232
Convert 10000122021 (base 3) to base 12.
2a537
What is -1301002 (base 4) in base 12?
-422a
What is 7171 (base 16) in base 4?
13011301
Convert -67a (base 14) to base 15.
-5a9
Convert -10100100111 (base 2) to base 12.
-91b
10201203 (base 4) to base 13
8586
343414 (base 7) to base 5
3430021
-1011000101011111 (base 2) to base 10
-45407
What is 1443 (base 5) in base 4?
3320
-1232023 (base 4) to base 6
-52351
Convert -20240 (base 5) to base 12.
-920
Convert -1734 (base 10) to base 3.
-2101020
What is 7bc (base 13) in base 12?
936
What is -10222 (base 5) in base 2?
-1010101111
What is 3858 (base 12) in base 5?
201104
What is -230130 (base 5) in base 4?
-1333211
Convert 828 (base 9) to base 8.
1242
Convert -17178 (base 9) to base 2.
-10111000101000
What is -1010000011 (base 2) in base 9?
-784
Convert -41002 (base 6) to base 2.
-1010100011010
Convert 1014241 (base 5) to base 2.
100000110110101
What is -95 (base 12) in base 16?
-71
What is 10101100101 (base 2) in base 13?
823
What is 22001 (base 4) in base 15?
2cb
Convert -24646 (base 7) to base 16.
-1966
What is 3123 (base 4) in base 10?
219
-332110 (base 4) to base 10
-3988
What is 4a84 (base 15) in base 9?
23687
What is -525414 (base 6) in base 11?
-2a0a4
Convert -1ec (base 16) to base 8.
-754
What is -198 (base 13) in base 9?
-356
-60105 (base 7) to base 6
-150540
What is 60 (base 14) in base 15?
59
What is 22002201 (base 3) in base 11?
4489
What is -804 (base 13) in base 6?
-10140
What is -121020022 (base 3) in base 9?
-17208
What is 151 (base 11) in base 10?
177
-10010101010001 (base 2) to base 16
-2551
What is 1213 (base 5) in base 8?
267
-708 (base 12) to base 16
-3f8
Convert 21b (base 14) to base 11.
34a
What is -2c1 (base 16) in base 4?
-23001
Convert 4436 (base 7) to base 16.
63b
-41077 (base 9) to base 16
-69a3
What is 6034 (base 8) in base 15?
dba
Convert -310312 (base 5) to base 7.
-41252
Convert -20111220 (base 3) to base 10.
-4749
Convert -2206 (base 9